Let w(c) = -1 + c**2 - 4 - c + 4. Let l(j) be the second derivative of -5*j**4/12 - j**3/2 - j**2 + j. Let q(z) = l(z) + 4*w(z). What is q(-5)?
4
Let s(b) be the first derivative of -b**4/4 - b**2/2 + b + 40. Give s(1).
-1
Let h(v) be the first derivative of -v**3/3 - 7*v**2/2 + 7*v + 390. Calculate h(-6).
13
Let y(w) = 2*w - 7. Let j(b) = 5*b - 22. Let c(s) = 2*j(s) - 7*y(s). Determine c(7).
-23
Let d be (-120)/100*(-15)/2. Let b(t) = -12 + 10*t - 3*t**2 + t**2 - t**2 + 2*t**2. Determine b(d).
-3
Let a(h) = -18*h**2 + 3*h + 4. Let w(f) = -6*f - 1. Let i be w(-1). Let q(j) = -36*j**2 + 5*j + 7. Let v(x) = i*a(x) - 3*q(x). What is v(1)?
17
Let d(o) = -o**3 + o + 1. Let f be d(-2). Let h(u) = 5 + 2 - u**3 - 4*u**3 + 9*u**3 - 5*u**3 + 7*u**2. Calculate h(f).
7
Let t be 24/(-2)*4/6. Let m(l) be the third derivative of -l**6/120 - 3*l**5/20 - l**4/3 - l**3/3 + l**2 + 221*l. Calculate m(t).
-2
Let d = 16 + -13. Suppose 0 = d*p - p. Let l(x) = 8 + p*x - 7 - 4*x. Determine l(2).
-7
Let z(u) = -u**3 - 2*u**2 - 4 + 4. Suppose -c + 3*g - 16 = 0, -2*c - 36*g = -37*g + 7. What is z(c)?
-1
Let r = 1 - -2. Let i(a) = -5*a + 5. Let w(x) = -6*x + 6. Let p(q) = 3*i(q) - 2*w(q). Calculate p(r).
-6
Suppose -2*s + 13 = 5*v, -2*v + s - 4*s = -3. Let m(w) = 2*w**2 - 23*w + 6. Let h(q) = q**2 - 12*q + 3. Let x(g) = -11*h(g) + 6*m(g). Calculate x(v).
-6
Let t(b) = 8*b**3 - b. Let h be t(-1). Let o(w) = w**2 - 39*w + 6. Let g(i) = i**2 - 31*i + 6. Let m(a) = -6*g(a) + 5*o(a). Give m(h).
8
Let v(x) = x**3 + 16*x**2 + 4*x + 69. Let p be v(-16). Let z(h) = h**2 - 6*h + 1. Calculate z(p).
-4
Let d(o) = -4*o + 7. Let w(u) = -u**2 + 17*u - 28. Let a be w(15). Suppose 6 = 3*z - a*q - 4, 2*z + 2*q - 20 = 0. Calculate d(z).
-17
Suppose -4*u + u = j + 17, -5*j - 3*u - 37 = 0. Let q(l) = -2*l - 7. Calculate q(j).
3
Let n be (-108)/(-48) - (-2)/(-8). Let a(i) = 56*i**2 - 2 - 113*i**2 + 56*i**2 + 0. What is a(n)?
-6
Let s(y) = 2*y**2 + 3*y + 3. Let j(z) = 3*z**2 + 7*z + 7. Let u(x) = 3*j(x) - 7*s(x). Let b = -7 + 9. Let t(p) = p**2 - 2*p - 1. Let l be t(b). Calculate u(l).
-5
Let m(k) = -k**3 - 17*k**2 - k + 20. Let i be m(-17). Let o(f) = -42 + 4*f - 2*f + i. Let t(v) = -4*v + 10. Let d(h) = -5*o(h) - 2*t(h). Determine d(4).
-3
Let y(n) = -n + 2. Let v be y(4). Let f(z) = 3*z**2 + 3*z - 1. Let o be f(v). Let x(s) = -s + o*s**3 - 2*s**3 - 5*s**2 - 2*s**3 + 6 - 2*s. Give x(5).
-9
Let p be (-40)/16*(-72)/(-30). Let y = 7 - 4. Let q(d) = -3*d**3 + 0 + 2*d**y + 4 - 6*d**2. Calculate q(p).
4
Suppose 4*s - 4*l = 20, l - 6 = -2*l. Suppose -s - 1 = -4*n. Let q(a) = -n*a**2 - 3*a + a + 4 - 1 - 4. Determine q(-1).
-1
Let a(x) be the third derivative of 0*x - 2*x**2 - 1/24*x**4 + 0 + 1/6*x**3. Suppose 157 = -4*n + 149. Determine a(n).
3
Let l(t) = t - 8. Let z = -50 - -70. Let m be 2*(-5)/(z/(-8)). Give l(m).
-4
Let u(z) = z**2 + 5*z - 2. Suppose -5*m + 13 = -72. Let n = 1 - m. Let a be (-24)/9*(-36)/n. Calculate u(a).
4
Let l(u) = -u**2 - 1. Let k(y) = y**3 + 3*y**2 - 6*y + 10. Let i(o) = k(o) + 6*l(o). Suppose 4*a = 3*a. Suppose a = m - 7 + 3. What is i(m)?
-4
Let v(b) = -b**2 + 8*b - 8. Let h(s) = -17*s + 143. Let p be h(8). Determine v(p).
-1
Suppose -15*c + 9 = -12*c. Let j(f) = 6*f**2 + f - 1 + c*f - 7*f**2. Let m(r) = r**3 + 8*r**2 + 6*r - 3. Let h be m(-7). Give j(h).
-1
Suppose -169*s + 174*s + 25 = 0. Let c(m) = -m**2 - 7*m - 10. Give c(s).
0
Suppose g + g = -2. Let r(f) = 2*f - 5. Let x(k) = k - 1. Let z(n) = g*r(n) + 4*x(n). What is z(-5)?
-9
Let p(s) = -s**3 - s**2 + s + 1. Let x be p(-2). Let k(j) = -j**3 - 5*j + 7*j - x*j + 1 - j**2. Calculate k(-2).
7
Let x be (2/2)/(2/10). Let v(k) = 4*k**3 + 9*k**2 + 9*k - 5. Let c(z) = 3*z**3 + 8*z**2 + 8*z - 4. Let n(h) = 5*c(h) - 4*v(h). Calculate n(x).
-5
Let r(p) = -2*p**2 + 19*p - 18. Let x = -1607 + 1615. Calculate r(x).
6
Let k(r) = r**3 - r**2 + 4. Let x = -7 + 11. Suppose -x*h = 3*h. Calculate k(h).
4
Let x(a) = -a**3 + 3*a**2 + 3*a - 2. Let u be (-6 - 0) + 4 + -1. Let k be (0/1)/(-5) - u. Determine x(k).
7
Let m(j) = -j**3 + 7*j**2 - 5*j - 12. Let g = -552 - -558. Calculate m(g).
-6
Let t(y) = -y**3 - 4*y**2 - 9. Let x be t(-5). Let j = x + -23. Let v(w) = w**2 + 8*w - 9. What is v(j)?
-16
Let m(t) = -t**2 + 3*t + 14. Let b be m(6). Let k(y) be the second derivative of -y**4/6 - 7*y**3/6 - 5*y**2/2 - 2*y. Determine k(b).
-9
Let f(o) = o. Let u be f(-5). Let y(b) = -3*b**3 + b**2 - 1. Let s(a) = 7*a**3 - a**2 - a + 1. Let k(v) = u*y(v) - 2*s(v). Let n = 12 + -9. Determine k(n).
9
Let x(p) be the first derivative of -p**3/3 + 2*p**2 + 11*p - 45. What is x(5)?
6
Let b(u) = -19*u - 104. Let s be b(-6). Let l(o) = -o**3 + 9*o**2 + 9*o + 5. Determine l(s).
-5
Let g = 57 + -60. Let t(p) = -2*p**2 - 3*p + 3. Calculate t(g).
-6
Let b(n) = 3 + 3*n**2 + 2 + 5*n - n - 4*n**2. Let i = -34 + 54. Let d be -1 - 4/((-16)/i). What is b(d)?
5
Let o(y) be the first derivative of -y**5/20 - y**4/6 + y**2/2 - 7*y - 11. Let t(h) be the first derivative of o(h). Give t(-3).
10
Let m(f) = -f + 1. Let g be (1*(-1 + 2))/((-3)/(-12)). Let p be (10/(-6))/(g/(-12)). Determine m(p).
-4
Let m = -7 - -7. Suppose 4*l = -m*l. Let f(p) = 9*p - 2. Let w(g) = 16*g - 3. Let i(t) = 7*f(t) - 4*w(t). Calculate i(l).
-2
Let m(k) be the third derivative of k**6/120 + 4*k**5/15 + 7*k**4/12 - 5*k**3/2 + 2*k**2. Let a be m(-15). Let h(i) = i**2 + i - 5. Give h(a).
-5
Let f be 13 + 1 - -2 - 2. Let x be ((-6)/21)/((-2)/f). Let n(w) = -4*w - 1 + 0*w + 4. Give n(x).
-5
Let z(r) be the third derivative of r**5/60 + 7*r**4/24 + r**3/6 + 41*r**2. Calculate z(-7).
1
Let f(g) = 4*g. Let b be (44/(-8) - -3)*-2. Let h(k) = -b*k - k + 2*k. Let u(c) = 4*f(c) + 5*h(c). What is u(-2)?
8
Let b(n) = n**3 - 10*n**2 - 5*n + 53. Let j be b(10). Let d(x) = -7 - 8 + 21 - x. Give d(j).
3
Suppose 0 = 2*g - 6, d = 4*g - 2 - 4. Let h = 7 - d. Let m = h + -3. Let b(x) = -2*x + 1. Determine b(m).
5
Let q = -3 + 8. Suppose 4*b + g = -0*g - 2, b - q*g - 10 = 0. Let s(h) = -13 + 0 + b + h. Give s(7).
-6
Let g(s) be the second derivative of s**7/2520 + s**6/144 + s**5/120 - 47*s**4/12 - 8*s. Let n(i) be the third derivative of g(i). Give n(-2).
-5
Let l(r) = 8*r - 12. Let j(n) = 14*n - 9. Let f(t) = -t - 1. Let w(s) = -4*f(s) - j(s). Let u(p) = -6*l(p) - 5*w(p). Give u(-6).
-5
Let w be 1/(33/(-228) + (-8)/76). Let j(d) = d**2 + 8*d - 5. Give j(w).
-21
Let l(w) be the third derivative of w**6/120 + w**5/10 + w**4/8 + w**3/3 - w**2. Let a be 16/(-4) - ((0 - 5) + 6). Give l(a).
12
Let o(h) = h**3 - 4*h**2 - 4*h + 5. Let w = 68 - 44. Suppose -t = 5*t - w. What is o(t)?
-11
Let f(b) = -17*b - 3. Let r(k) = -4*k - 1. Let t(m) = 2*f(m) - 9*r(m). Determine t(-2).
-1
Let q be (0/3)/(-8 - -4). Let p(a) = a - 6. Let d(n) = n - 3. Let l(w) = -3*d(w) + 2*p(w). Determine l(q).
-3
Let i(q) = -5*q**3 + 15*q**2 + 13*q + 1. Let t(u) = -3*u**3 + 8*u**2 + 7*u. Let w(a) = -4*i(a) + 7*t(a). Let d = 101 + -104. Determine w(d).
-4
Let d(x) = -x - 7. Let v be 3/(-7)*(3 + -10 + 0). Suppose v*i + 4*i + 35 = 0. Determine d(i).
-2
Let l(w) = -w**2 + 7*w + 6. Let u be (-6)/(1*18/(-24)). What is l(u)?
-2
Let d(h) = -h + 10. Let k(a) = -2*a**2 + 19*a + 20. Let o be k(10). What is d(o)?
0
Let a(c) = -14*c - 14. Suppose -4*j + 2*h = h - 16, 3*h = -5*j + 20. Let s(g) = 5*g + 5. Let k(o) = j*a(o) + 11*s(o). Give k(-6).
5
Let h be (63/(-21))/((-1)/(-7) + 18/21). Let i(t) = 11*t**2 - t. Let u(c) = -6*c**2 + c. Let n(z) = 3*i(z) + 5*u(z). Determine n(h).
21
Let l = -810 + 815. Let x(q) = q - 1. Determine x(l).
4
Let u(i) = 4*i**2 - 30*i + 2. Let x be u(7). Let h(f) = -f**3 - 13*f**2 - 14*f - 18. What is h(x)?
6
Let z = 235 - 234. Let o(b) = 6*b**3 - b. Give o(z).
5
Let l(a) be the second derivative of -10*a - 4*a**2 - 1/8*a**4 - 1/6*a**3 + 0 - 1/120*a**6 + 1/15*a**5. Let f(d) be the first derivative of l(d). Give f(3).
-1
Suppose 135 = -17*k - 28*k. Let h(i) = i**3 + 3*i**2 + i + 2. Calculate h(k).
-1
Let l(m) be the first derivative of m**2 - 6*m - 43. Let n = 12 - 8. Suppose -b = 4*r + 7, -n*r - 12 = -0*r. Calculate l(b).
4
Suppose 5*b - 8 = -3*c, -3 = -5*b + 11*c - 9*c. Let z(o) = -o**3 - 2*o**2 + 1. Calculate z(b).
-2
Let d be (-4)/10 - (-194)/10. Let y = 14 - -6. Let f = y - d. Let w(t) = -2*t**2 + t - 1. Determine w(f).
-2
Suppose 0 = 